is the thousands digit of 8951?
8
What is the thousands digit of 1098?
1
What is the units digit of 45?
5
What is the thousands digit of 68418?
8
What is the tens digit of 1890?
9
What is the units digit of 6382?
2
What is the units digit of 1607?
7
What is the thousands digit of 1370?
1
What is the units digit of 80930?
0
What is the ten thousands digit of 63707?
6
What is the units digit of 1013?
3
What is the ten thousands digit of 11873?
1
What is the hundreds digit of 4647?
6
What is the hundreds digit of 7387?
3
What is the ten thousands digit of 63082?
6
What is the hundreds digit of 1910?
9
What is the ten thousands digit of 10776?
1
What is the hundreds digit of 9218?
2
What is the ten thousands digit of 11589?
1
What is the thousands digit of 131526?
1
What is the units digit of 998?
8
What is the hundreds digit of 3655?
6
What is the hundreds digit of 835?
8
What is the tens digit of 20831?
3
What is the hundreds digit of 88500?
5
What is the thousands digit of 16163?
6
What is the tens digit of 13443?
4
What is the thousands digit of 155590?
5
What is the tens digit of 1328?
2
What is the hundreds digit of 1304?
3
What is the ten thousands digit of 77833?
7
What is the ten thousands digit of 45984?
4
What is the units digit of 5621?
1
What is the tens digit of 945?
4
What is the tens digit of 96?
9
What is the tens digit of 618?
1
What is the ten thousands digit of 19985?
1
What is the units digit of 13180?
0
What is the thousands digit of 3549?
3
What is the units digit of 4060?
0
What is the tens digit of 1095?
9
What is the units digit of 47187?
7
What is the units digit of 18532?
2
What is the hundreds digit of 22217?
2
What is the tens digit of 35392?
9
What is the thousands digit of 20464?
0
What is the tens digit of 2750?
5
What is the units digit of 21870?
0
What is the ten thousands digit of 66677?
6
What is the thousands digit of 31861?
1
What is the units digit of 1325?
5
What is the units digit of 7981?
1
What is the thousands digit of 5087?
5
What is the units digit of 43783?
3
What is the tens digit of 2125?
2
What is the units digit of 1752?
2
What is the units digit of 723?
3
What is the units digit of 1963?
3
What is the units digit of 26435?
5
What is the hundreds digit of 26768?
7
What is the tens digit of 2183?
8
What is the ten thousands digit of 33274?
3
What is the units digit of 18446?
6
What is the units digit of 82697?
7
What is the units digit of 9127?
7
What is the hundreds digit of 40149?
1
What is the tens digit of 18301?
0
What is the units digit of 320?
0
What is the units digit of 1388?
8
What is the hundreds digit of 960?
9
What is the units digit of 3712?
2
What is the tens digit of 512?
1
What is the hundreds digit of 13589?
5
What is the units digit of 40897?
7
What is the tens digit of 22021?
2
What is the units digit of 1414?
4
What is the thousands digit of 4170?
4
What is the ten thousands digit of 38777?
3
What is the thousands digit of 32450?
2
What is the units digit of 71?
1
What is the hundreds digit of 851?
8
What is the thousands digit of 24725?
4
What is the units digit of 12826?
6
What is the units digit of 61?
1
What is the units digit of 1713?
3
What is the tens digit of 143172?
7
What is the units digit of 156?
6
What is the thousands digit of 19879?
9
What is the tens digit of 1287?
8
What is the hundreds digit of 105809?
8
What is the units digit of 1465?
5
What is the thousands digit of 2528?
2
What is the ten thousands digit of 49355?
4
What is the thousands digit of 22247?
2
What is the units digit of 8107?
7
What is the tens digit of 6890?
9
What is the tens digit of 720?
2
What is the hundreds digit of 6006?
0
What is the thousands digit of 9462?
9
What is the tens digit of 3276?
7
What is the units digit of 327?
7
What is the units digit of 3961?
1
What is the ten thousands digit of 15900?
1
What is the thousands digit of 18441?
8
What is the units digit of 57568?
8
What is the hundreds digit of 18145?
1
What is the tens digit of 201?
0
What is the hundreds digit of 51267?
2
What is the thousands digit of 1380?
1
What is the units digit of 5414?
4
What is the hundreds digit of 3357?
3
What is the hundreds digit of 473?
4
What is the units digit of 14720?
0
What is the hundreds digit of 4563?
5
What is the tens digit of 285?
8
What is the tens digit of 461?
6
What is the hundreds digit of 1101?
1
What is the units digit of 419?
9
What is the tens digit of 3222?
2
What is the thousands digit of 19976?
9
What is the ten thousands digit of 15161?
1
What is the thousands digit of 19807?
9
What is the units digit of 299?
9
What is the tens digit of 393?
9
What is the hundreds digit of 2055?
0
What is the units digit of 2075?
5
What is the tens digit of 3746?
4
What is the units digit of 11104?
4
What is the units digit of 2011?
1
What is the thousands digit of 1009?
1
What is the thousands digit of 30264?
0
What is the units digit of 532?
2
What is the hundreds digit of 8778?
7
What is the thousands digit of 88381?
8
What is the units digit of 600?
0
What is the tens digit of 59254?
5
What is the tens digit of 13756?
5
What is the units digit of 537?
7
What is the ten thousands digit of 105158?
0
What is the hundreds digit of 1430?
4
What is the units digit of 3283?
3
What is the hundreds digit of 50806?
8
What is the units digit of 84656?
6
What is the tens digit of 30259?
5
What is the units digit of 1417?
7
What is the hundreds digit of 8150?
1
What is the tens digit of 28860?
6
What is the tens digit of 20207?
0
What is the hundreds digit of 17546?
5
What is the hundreds digit of 8819?
8
What is the units digit of 7660?
0
What is the ten thousands digit of 45378?
4
What is the thousands digit of 106914?
6
What is the tens digit of 992?
9
What is the units digit of 16757?
7
What is the units digit of 1959?
9
What is the hundreds digit of 14143?
1
What is the hundreds digit of 1385?
3
What is the hundreds digit of 3060?
0
What is the tens digit of 376?
7
What is the tens digit of 390?
9
What is the tens digit of 610?
1
What is the hundreds digit of 575?
5
What is the hundreds digit of 777?
7
What is the thousands digit of 4793?
4
What is the tens digit of 1001?
0
What is the hundreds digit of 847?
8
What is the units digit of 1346?
6
What is the thousands digit of 8296?
8
What is the tens digit of 908?
0
What is the hundreds digit of 1191?
1
What is the hundreds digit of 371?
3
What is the tens digit of 7106?
0
What is the units digit of 5774?
4
What is the tens digit of 2317?
1
What is the hundreds digit of 2683?
6
What is the hundred thousands digit of 119976?
1
What is the thousands digit of 1937?
1
What is the units digit of 18673?
3
What is the thousands digit of 2372?
2
What is the tens digit of 1617?
1
What is the hundreds digit of 379?
3
What is the tens digit of 12507?
0
What is the units digit of 1454?
4
What is the hundred thousands digit of 129390?
1
What is the hundreds digit of 200?
2
What is the thousands digit of 12768?
2
What is the hundred thousands digit of 101478?
1
What is the units digit of 508?
8
What is the ten thousands digit of 10704?
1
What is the hundreds digit of 3922?
9
What is the units digit of 7378?
8
What is the tens digit of 14446?
4
What is the thousands digit of 8499?
8
What is the tens digit of 36810?
1
What is the hundreds digit of 998?
9
What is the hundreds digit of 1443?
4
What is the hundreds digit of 1151?
1
What is the ten thousands digit of 11596?
1
What is the hundreds digit of 236?
2
What is the tens digit of 267?
6
What is the ten thousands digit of 39869?
3
What is the tens digit of 966?
6
What is the units digit of 1026?
6
What is the tens digit of 13027?
2
What is the tens digit of 49342?
4
What is the hundreds digit of 40727?
7
What is the thousands digit of 1639?
1
What is the hundreds digit of 1806?
8
What is the hundreds digit of 109087?
0
What is the thousands digit of 8387?
8
What is the hundreds digit of 87998?
9
What is the units digit of 20740?
0
What is the hundreds digit of 797?
7
What is the hundreds digit of 897?
8
What is the hundreds digit of 174?
1
What is the units digit of 364?
4
What is the units digit of 15952?
2
What is the hundreds digit of 1825?
8
What is the units digit of 80356?
6
What is the te